e second derivative of j(g). What is y(2)?
2
Let t(j) = -j**2 - 2 - 2*j - 2*j**3 + j**3 + 3*j**2. Let y(p) = p**3 - 9*p**2 - 11*p + 14. Let a be y(10). Let l = a + -2. Give t(l).
-6
Let b(v) = -14*v + 3 + 0 + 11*v - 6. Let u(t) = -3*t - 4. Let a(k) = -6*b(k) + 5*u(k). What is a(3)?
7
Let i(s) = s**3 + 4*s**2 - 7*s - 2. Suppose -3*d + n = 24, -d + n - 7 = 1. Let p be 5/2*(d - -6). Determine i(p).
8
Let x(k) = k**2 - 2*k. Let h be x(2). Let p(g) = h + g + 1 + 0*g. Suppose -2 = -a, -2*a + 4 = o - 2. Give p(o).
3
Let q(r) = r**3 - 1. Let t(o) = 7*o**3 - o + 1. Let f(d) = -q(d) - t(d). Let n = -6 - -12. Let m = n - 5. What is f(m)?
-7
Suppose -2*h + 30 = -5*l - 7*h, 0 = 2*h + 4. Let s(z) = z**2 + 8*z - 2. Let w = -7 + 10. Let d(p) = p**2 + 9*p - 2. Let y(n) = w*d(n) - 4*s(n). Calculate y(l).
6
Let m(s) = -s - 8. Let o(z) = -3*z - 17. Let h(t) = 5*m(t) - 2*o(t). What is h(6)?
0
Suppose 4*b = 3*b - 2*z, 0 = b - 2*z. Let s(d) = -6*d + b + d**3 - 6 + 4*d**2 + 3. Calculate s(-5).
2
Let z(m) = m**2 - m - 1. Let p(q) = -2*q**2 + q - 1. Suppose 0 = -4*x + 6 - 2. Let t be p(x). Calculate z(t).
5
Suppose y = -0*y + 2. Let p(u) = 2*u**2 + 3 + 2*u**y - 5*u**2 - 2*u - 2*u. Calculate p(-4).
3
Let b(g) = -g**2 - 9*g - 7. Suppose -28 = 6*o - 2*o. Calculate b(o).
7
Let g(w) be the third derivative of -w**4/24 + w**3/6 - 5*w**2. Calculate g(6).
-5
Let c(k) = k**3 + 2*k**2 + 3*k + 1. Suppose 6 = d - 3*o, 3*d - 4*o - 14 = o. Let x(f) = -f**3 - f**2 - 2*f. Let w(m) = d*x(m) + 2*c(m). Give w(2).
-2
Let v(f) = 5*f + 7. Suppose 0*p + 20 = -4*p. Calculate v(p).
-18
Let m(o) be the first derivative of -5/2*o**2 - 4*o - 8 - 1/3*o**3. Calculate m(-4).
0
Let p be 6/30 - 9/(-5). Let g be 5/(-15) - (-50)/6. Suppose 0 = -2*h - p*h + g. Let l(c) = -3*c**2 + 2*c - 1. Calculate l(h).
-9
Let q be 3/6*(4 - 0). Let y = 1069 + -677. Let b be y/(-63) - q/(-9). Let x(o) = o**3 + 7*o**2 + 7*o + 1. What is x(b)?
-5
Let g(z) = -z**2 - 3*z - 2. Let i = -7 + 11. Suppose 5*y + 5*k = -5, -3*k + i = 2*y + k. Let j be (y/(-6))/((-3)/9). Give g(j).
0
Let f(s) = -3*s**2 - 8*s - 11. Let d(v) = -v**2 - 3*v - 4. Let x(y) = 17*d(y) - 6*f(y). Give x(4).
2
Let m(k) = -2*k - 9. Let l be m(-7). Let t(h) = l*h + 1 + 5*h - 11*h - 7. Determine t(0).
-6
Let a = 16 + -17. Let t(f) = -8*f**3 - f. What is t(a)?
9
Let l(a) = -8*a**2 + 15*a + 6. Let j(d) = d**2 - d - 1. Let n(r) = -6*j(r) - l(r). Let k(o) = 5*o**2 - 26*o - 1. Let z(u) = 3*k(u) - 8*n(u). What is z(-4)?
5
Let s(l) = -15*l**3 - 3*l**2 - 14*l + 14. Let z(t) = -5*t**3 - t**2 - 5*t + 5. Let w(f) = 6*s(f) - 17*z(f). Give w(1).
-6
Let k(l) = 2*l**2 - 4*l + 2. Let g be (14 - -1)*1/3. Suppose 5 = g*c + 5*b, 1 - 6 = -c + 3*b. What is k(c)?
2
Let o(u) = 2*u**2. Suppose -2*l + 0*l + 4 = 0. Let a be o(l). Suppose -8 = a*h - 10*h. Let v(q) = -q**3 + 4*q**2 - q + 5. What is v(h)?
1
Suppose -3*i = -2*i - 2. Suppose -26 = -4*q + 2*u, -2 = -3*q - i*u - 0. Let x(n) = n**2 - 3*n - 4. Determine x(q).
0
Let d(p) = -1. Let o(q) = 4*q - 1. Let x(r) = -4*d(r) + o(r). Let g = -4 - -2. Let k be x(g). Let a(y) = y**3 + 6*y**2 + 4*y - 6. Calculate a(k).
-1
Let l(o) be the third derivative of 0*o**3 - o**2 + 1/6*o**4 + 0*o + 0. Let b be l(1). Let w(k) = -k - 1. Determine w(b).
-5
Let n(g) = g**3 + 6*g**2 - 6. Suppose 31 = -4*w + 7. Calculate n(w).
-6
Let y(m) = 2*m**2 - 6*m - 8. Let d(f) = 3*f**2 - 6*f - 9. Let z(b) = 3*d(b) - 4*y(b). Let k be 1/(0 - 1/(-6)). Suppose 0 = -o + 2 - k. What is z(o)?
-3
Let n(g) = 3*g**2 + 2*g - 1. Let d = 4 + 17. Let o = -23 + d. Determine n(o).
7
Let v = -8 - -8. Let f be -6 + 4 + v + 7. Let h(d) = -d**3 + 5*d**2 + d + 1. Give h(f).
6
Let l(n) = n**3 - n**2 - n + 4. Let f(s) = s**3 - 8*s**2 - 10*s + 9. Let g be f(9). Give l(g).
4
Let g(d) = -3*d - 1. Let k(p) = p + 5. Suppose -4*s = 14 + 10. Let u be k(s). What is g(u)?
2
Suppose 0 = -x + 2*y, x - 3 = y - 1. Let a(b) be the third derivative of 2*b**2 - 1/6*b**3 + 7/24*b**x + 0*b + 0. What is a(1)?
6
Let b be (-46)/(-8) + 1/4. Let d = b - 1. Let r(z) = -2*z + z - 4*z**2 + z**3 - z**2. Calculate r(d).
-5
Let l(i) = -3*i + 1. Let h be l(-1). Suppose -h*w - 3 = 1. Let f(g) be the first derivative of 4*g**3 + g**2/2 - 2. What is f(w)?
11
Let g(c) = -2*c - 2*c**2 + 4*c**2 + 2 - 3*c**2. Suppose 9 + 1 = 2*u. Suppose 3*j - 4*x + 6 = 0, -j - u*x + 15 = -2. Give g(j).
-6
Let z = -762 + 755. Let s(o) be the second derivative of -o**3/3 + o**2/2 + o. Determine s(z).
15
Let b(g) = 1914 - 1912 + 3*g**2 + 4*g - g**2. Determine b(-3).
8
Let a(w) = 7*w**3. Let s(l) = -10*l - 4. Let q(k) = -3*k - 1. Let v(d) = 7*q(d) - 2*s(d). Let x be v(-5). Suppose -2*f = x - 4. What is a(f)?
-7
Let j(p) = 1 - 2*p + 5*p + 0*p. What is j(-6)?
-17
Let o(s) = -3*s**2 - s + 2. Let p be (20/4 + -4)/((-1)/3). What is o(p)?
-22
Suppose 0 = 7*x + 56 - 7. Let q(n) = n**3 + 6*n**2 - 7*n - 3. Determine q(x).
-3
Suppose 2*t - 5*n - 16 = 0, -2*t - 4*n + 2 = -14. Let i(z) = z**3 - 8*z**2 + 1. What is i(t)?
1
Let r(n) = n**2 - 3*n - 1. Let k(l) = l**2 - 1. Let w be k(2). Let d be r(w). Let m(u) = 7*u**3 - u - 1. Determine m(d).
-7
Suppose 5*x - 4*b = 11 + 9, 0 = -x + 5*b + 4. Suppose r = x*r - 9. Let c(u) = -6*u + 3*u**2 + 6*u - 2*u**r. Give c(2).
-4
Let u be ((-3)/(-9) - -1)*3 + 2. Let f(z) = z - 8. Calculate f(u).
-2
Suppose -4*r + 4 + 4 = 0. Suppose 3*b - 3*x = -4*x + 17, -r*b + 5*x - 17 = 0. Let f(s) = -b - s + 2 - 2. What is f(-3)?
-1
Suppose 0 = 4*d - 2*d + 8. Let p(y) = -3*y**3 + 4*y + 4*y**3 + 0*y**3 - 3 + 5*y**2. Calculate p(d).
-3
Let s(p) = 9 + 7*p - 3*p + 2*p - 7*p. Determine s(0).
9
Let j(a) = -a. Let y be j(-2). Let d(x) = -4*x + 5*x - y*x. Let r(s) = -9*s - 1. Let u(l) = 6*d(l) - r(l). Give u(-1).
-2
Let v(s) = 4*s**2 + 7*s + 5. Let f(p) = 4 + 0*p + 3*p**2 - 1 + 5*p. Let j(d) = 7*f(d) - 5*v(d). Let w(h) = h**3 + 5*h**2 + h + 2. Let r be w(-5). What is j(r)?
5
Let g(a) be the second derivative of a**5/20 - 5*a**4/12 + a**3/6 + a**2 - 5*a. Suppose -12 = p + 3*p, -4*p + 13 = 5*w. Determine g(w).
7
Let b(r) = -4*r + 1. Suppose k = -2 - 4. Let c = 5 + k. Calculate b(c).
5
Let j(k) = 15*k - 29. Let x(q) = 7*q - 14. Let r(i) = 6*j(i) - 13*x(i). Determine r(0).
8
Let r(h) be the second derivative of h**3/3 - 3*h**2 - 110*h. Suppose -6 = -t - 0. What is r(t)?
6
Let n(h) = h**3 - 3*h**2 + h + 2. Let f(p) = -p**2 - 10*p - 6. Suppose -5*r - 42 - 3 = 0. Let j be f(r). Determine n(j).
5
Let p(w) = -w**3 + 4*w**2 - w + 3. Suppose 4*t + h = 83, -h - 1 = 4. Let g be ((-4)/7)/(2/(-7)). Suppose 5*z + g = t. What is p(z)?
-1
Let s be (-2)/(1*2/(-6)). Let t(z) = -z**3 + 5*z**2 + 6*z - 3. Let x be t(s). Let g(u) = -u**2 - 4*u - 2. Give g(x).
1
Let p(y) = -y**3 - 15. Let c = 88 - 88. Calculate p(c).
-15
Let u(h) = -h**3 + 3*h**2 + 2*h. Suppose l - 8 - 1 = 0. Let n = 12 - l. Calculate u(n).
6
Let s(c) = -2*c**2 + 0*c - 6*c - 3*c**2 + 4*c**2 + 2. Determine s(-6).
2
Let a(l) = l + 2. Let y be a(3). Suppose 0 = -4*q - 3*v + 7, y*q - 4*v - 32 = -0*v. Let b(n) = 2 - 2*n**2 - 3*n + q*n**2 - 2. Determine b(2).
2
Let v(r) = 4*r**2 - 3*r**2 - r - r. Let q be -8*-2*1/8. Determine v(q).
0
Suppose -166 + 30 = 17*y. Let r(z) = z**2 + 9*z + 5. Give r(y).
-3
Let g = 6 + 0. Let k(j) = -j + 1. Let d(f) = -3*f + 10. Let y(a) = d(a) - 2*k(a). Determine y(g).
2
Suppose -11 = -3*c - 2*f, f + 4 - 2 = c. Suppose y + 3*x + 10 = -c*y, 0 = -5*y - 5*x - 15. Let n(q) = 3*q**2 - 2*q - 1. Determine n(y).
4
Suppose 0 = 2*o + 2, 4*a + o = -0*o - 29. Let j = 7 + a. Let s(k) = k**2 + k - 4. Calculate s(j).
-4
Let g(j) = j**3 - 2*j**2 + 3*j - 2. Let h be (-2 - 1)/(-18) - (-22)/12. What is g(h)?
4
Let g(r) = 2*r**2 + 13*r + 11. Let p be g(-5). Let j(z) = 2*z**2 + 4*z - 5. What is j(p)?
11
Let w(r) = -r**3 - 5*r**2 - 6*r - 2. Let n = 30 + -34. Determine w(n).
6
Let c(i) = i - 6. Suppose 2*y - 8 = -2*y + 5*f, 4*f + 4 = 4*y. Let a = -4 - y. Let o be 7 - (0 - a)*2. Give c(o).
-1
Suppose 3 + 2 = -5*d. Let s(u) = 1. Let t(v) = 3*v + 4. Let r(f) = d*t(f) + 2*s(f). Give r(-3).
7
Suppose 0*y + 3*y - 3 = 0. Let o(f) be the second derivative of 4/3*f**3 - 1/2*f**2 + f + 0. Determine o(y).
7
Let d(a) = a**3 - 4*a**2 - 5*a - 6. Let f be (-2)/(-3)*(5 + -2). Suppose 3*s - f*s - 5 = 0. Determine d(s).
-6
Let h = -7 - -10. Let u be (h - (3 - -3))*2. Let v(t) = t**3 + 7*t**2 + 5*t - 2. Determine v(u).
4